 = 2*a**2 - 3*a + 2. Let n be i(2). List the prime factors of ((-2)/n)/((-4)/d).
2
Let d(l) = 3*l**3 - 9*l**2 - 11. Let j(c) = -13*c**3 + 37*c**2 - c + 45. Let g(u) = -9*d(u) - 2*j(u). What are the prime factors of g(7)?
23
Let g(d) = -11*d**3 + 2*d**2 - 1. Let q be g(1). Let j = -5 - q. List the prime factors of j.
5
Let w = -188 + 281. List the prime factors of w.
3, 31
Suppose 12*n - 4*n = 544. List the prime factors of n.
2, 17
Let w be (7/7)/((-2)/(-100)). Suppose 6*h - w = h. List the prime factors of h.
2, 5
Let b(p) = 2*p - 6. Suppose -14 = -5*k + 16. What are the prime factors of b(k)?
2, 3
Let c(s) = 6*s**2 - 3. Let f(i) = -5*i**2 - i + 3. Let n = -2 + -5. Let z(d) = n*f(d) - 6*c(d). What are the prime factors of z(6)?
3
Let p(y) = y**2 + 14*y + 17. Let a be p(-13). What are the prime factors of -4*(-3 + 1/a)?
11
Let b(i) = -3*i**2 + 2*i - 1. Let x be b(2). Suppose 11 + 4 = 5*v. Let z = v - x. What are the prime factors of z?
2, 3
Suppose 5*r - 254 = 151. List the prime factors of r.
3
Let n = -393 + 730. What are the prime factors of n?
337
Let n = 4 + 28. What are the prime factors of n?
2
What are the prime factors of (-539)/(-5) + (-4)/5?
107
Suppose -q + 18 = -4*q. List the prime factors of 9 + 9/(q/(-2)).
2, 3
Let a be 0/(-2) + 1 - -3. Suppose -40 + a = -4*o. List the prime factors of o.
3
What are the prime factors of -9 + 4 + (-1 - -309)?
3, 101
Let p(n) = -n - 8. Let t be p(-4). List the prime factors of (-1595)/22*t/5.
2, 29
Let s(y) = -9*y - 3. Let d be 0/(-1) + 2/(-1). What are the prime factors of s(d)?
3, 5
Let l be (-3)/(-2 - 5/(-2)). Let i = l + 5. Let k = 4 - i. List the prime factors of k.
5
Suppose -4*h - 123 = 45. Let p be h/(-15) - 1/(-5). What are the prime factors of 47/p - 4/(-12)?
2
Let r = 3 + -5. Let t be (r*1)/((-12)/30). Suppose n = -2*n + 4*k + t, 3*k + 9 = 4*n. List the prime factors of n.
3
Suppose 0 = 3*g - 100 - 89. What are the prime factors of g?
3, 7
Let n = 44 - 35. List the prime factors of n.
3
Suppose 2*i - x - 7 = 0, 3*i + 0 + 7 = -2*x. Let r = 4 + i. Suppose r = 3*k + o - 21, -o - 37 = -4*k. What are the prime factors of k?
3
Suppose 5*l = l + 428. List the prime factors of l.
107
Suppose 3*t + c = 2, 0*t = -2*t + c + 8. Suppose t*o - 65 = -3*o. List the prime factors of o.
13
Let f(i) = 2*i - 11. Let c be f(8). Suppose -6*t - 5*y - 2 = -5*t, -y = 2*t - c. List the prime factors of t.
3
Suppose 0 = -5*m + 3*x + 27 + 24, 3*m = -5*x + 17. List the prime factors of m.
3
Suppose -4*b + 0*b = 0. Let m = b - -29. List the prime factors of m.
29
Suppose j = -4*a - 0*j + 7, -5 = -5*a - 2*j. What are the prime factors of (-6)/2 - (-3 - a)?
3
Let a(s) = -s**3 + 3*s**2 + 1. Let t be a(2). Suppose -t*x = -33 - 22. What are the prime factors of x?
11
Suppose -6*v + 8*v = 4. Suppose -5*d = -22 + v. What are the prime factors of d?
2
Let d be 0/((-2)/1) + -14. List the prime factors of (d/7)/((-2)/8).
2
Suppose 3*n - 6*n + 18 = 0. Suppose -14 = 4*y - n*y. List the prime factors of y.
7
Let l(p) = 10*p - 3. List the prime factors of l(4).
37
Suppose g = 6*g - 435. Suppose -3*z + 210 = g. What are the prime factors of z?
41
Let f(j) = -j**2 - 4*j - 7. Let w(h) = -h**2 - 3*h - 8. Let d(x) = 3*f(x) - 4*w(x). Let r = -3 + 3. List the prime factors of d(r).
11
Let g = 766 + -512. List the prime factors of g.
2, 127
Let j(g) = 3 + g**2 - 3 + g + 0*g**2. List the prime factors of j(-5).
2, 5
Let h = 2 - -1. Suppose 2*p - 58 = -2*p + 2*s, -2*p = -h*s - 35. List the prime factors of p.
13
Suppose -11*k - 157 = -608. What are the prime factors of k?
41
What are the prime factors of (-1)/2 + (-132)/(-8)?
2
Suppose -5*u + 2*u + 30 = 0. Let d = u + -5. List the prime factors of d.
5
Let j(k) be the first derivative of -k**3/3 + 4*k**2 + 9*k + 2. Let v be j(9). Suppose 0 = -w - v*w + 5. List the prime factors of w.
5
Suppose 2*h + 11 = 3*l + h, -2*l + 5*h + 3 = 0. What are the prime factors of 3/(-12) - (-21)/l?
5
Suppose p - 4 = 19. Suppose -4*x = -q - 16, 0*x + x = 5*q + p. Suppose -5 = -v - x. What are the prime factors of v?
2
Let j(z) = z**3 - 10*z**2 + 6*z + 7. Let u be j(9). List the prime factors of (u/(-14))/((-6)/(-42)).
2, 5
Let h be -2 + -1 + 2 + 3. Let d(x) = 5 + x**h + x + x**3 - 5 + 23. List the prime factors of d(0).
23
Suppose 3*k + 2*k = 15. Suppose k*o = 7*o. Suppose 4*p + p - 15 = o. What are the prime factors of p?
3
Let s(t) = -t**3 + t**2 + 2. Let v(o) = -o**2 + 6*o + 6. Let l be v(6). Suppose 0 = -3*m + l*m. List the prime factors of s(m).
2
List the prime factors of (-2)/(-4) + (-639)/(-6) + -5.
2, 3, 17
Suppose 2*z - 46 = k - 20, k = 5*z - 71. Suppose m + q + q = z, -2*m + 5*q = -48. List the prime factors of m.
19
Let n be 4*(-1)/(-2) + 1. Suppose c - 3 = -0*c. Suppose -n = -2*q + c. List the prime factors of q.
3
Let k(f) = -23*f**3 + 15 + 9*f + 7*f**2 + 22*f**3 - 6. What are the prime factors of k(8)?
17
Let a be 18*((-9)/(-2) - 3). Suppose 0 = -3*i - a + 78. List the prime factors of i.
17
Suppose p - 20 - 6 = 0. List the prime factors of p.
2, 13
Suppose 4 = 4*s, 0 = -2*h - 3*s + 58 + 47. List the prime factors of h.
3, 17
Let s be (2 + -2)/((-1)/(-1)). Suppose s = 3*u - 63 + 12. What are the prime factors of u?
17
Let i = 7 - 24. Let n = i - -9. Let f = 12 + n. What are the prime factors of f?
2
Suppose 4*m + 4 = c + 2*c, -2*c + 12 = 2*m. Suppose -5*j = -5, m*u = 3*u - 3*j. Suppose v = 5*l - 35, -v - 2*v - 21 = -u*l. List the prime factors of l.
7
Suppose 4*k + 2 = -2*b + 16, 5*k + b = 13. Let p(n) = 3*n**k - n**2 - 4 + 2 + 5 - 3*n. List the prime factors of p(3).
2, 3
Let l(q) = 2*q**2 - 3*q - 1. Let k be l(-4). Suppose 8 = 5*a + k. Let b = a - -17. What are the prime factors of b?
2, 5
Let m = -21 + 24. What are the prime factors of (1/3)/(m/99)?
11
Let o(a) = -7*a + 4*a**2 - 5*a**2 + 2*a**2 + 3*a. List the prime factors of o(6).
2, 3
Let y(s) = 13*s - 8. Let j(m) = -3*m + 2. Let r(w) = 18*j(w) + 4*y(w). List the prime factors of r(-3).
2, 5
Let h(k) = k + 2. Let y(s) = s**2 + 8*s - 7. Let q be y(-9). List the prime factors of h(q).
2
Let k = 6 + 0. Suppose -r + k*r = 25. Suppose -r*h + 29 = 4. What are the prime factors of h?
5
Let o = 30 + 7. List the prime factors of o.
37
Let w(y) = -7*y + 7. Let i(z) = 7*z - 8. Let o(n) = -5*i(n) - 6*w(n). Suppose 4*r - 4 = 4. What are the prime factors of o(r)?
2, 3
Let r(m) = -2*m. Let h be r(-1). Let x(f) = -8*f**h - 3 - 5 + f**3 + 9*f + 4. What are the prime factors of x(7)?
2, 5
Let o(h) = 0*h + 0*h - 9*h**2. Let q be o(-1). Let a = q - -23. List the prime factors of a.
2, 7
Let b(a) = a**3 + 5*a**2 + 5*a + 2. Let l be b(-3). Let t = 9 + l. What are the prime factors of t?
2, 7
Let j = -23 - -15. Let v = j - -15. What are the prime factors of v?
7
Let k be (-4 - (-3 - -4))*-1. Let l(b) be the first derivative of b**3/3 - 2*b**2 - b + 1. List the prime factors of l(k).
2
Let d(q) = -25*q. Let r be d(-1). Suppose s - 16 = -3*f, -2*s + 3*f + r = -16. List the prime factors of s.
19
Let p(q) be the third derivative of q**6/120 + q**5/30 - q**4/24 - q**3/3 + 2*q**2. Suppose k - 1 = 1. List the prime factors of p(k).
2, 3
Suppose -4*n - 813 = -4*w - 205, 4*n + 4 = 0. What are the prime factors of w?
151
Suppose -2*a = m - 3 - 1, 5*m - 46 = 3*a. Suppose 3*k = m*k. Let n = 2 - k. What are the prime factors of n?
2
Let n be -2 + 7/((-14)/(-12)). Suppose -5*f - d + 0*d + 56 = 0, -4*f = n*d - 48. List the prime factors of f.
11
Let p = -44 + 392. List the prime factors of p.
2, 3, 29
What are the prime factors of (-2 - -6)/((4/42)/1)?
2, 3, 7
Let g(u) be the first derivative of -3*u**4/4 + u**3/3 + u**2/2 + u + 4. Let m be (-1 + -1)*(-2)/(-4). What are the prime factors of g(m)?
2
Let k(y) = y**3 - 3*y**2 + y - 2. Let a = -4 + 8. Let d be k(a). Suppose 0*z - 9 = -4*l - 3*z, -5*l + 3*z = -d. What are the prime factors of l?
3
Let u = 10 - -3. Let g = 162 + -97. Suppose u = -4*c + g. What are the prime factors of c?
13
Let a = 8 + -5. Let g(m) = -4*m**2 + a + 3*m**2 - 6 + 6*m. List the prime factors of g(5).
2
Suppose -115 = -0*l - 5*l. What are the prime factors of l?
23
Let i be 13 + 0 - (-1 - -2). What are the prime factors of (-8)/i - 11/(-3)?
3
Let i = -2 + 7. Suppose 0 = 5*d + 7*z - 4*z + 392, -248 = 3*d + i*z. What are the prime factors of 4/(-1